{"id":2674,"date":"2021-08-20T16:37:04","date_gmt":"2021-08-20T13:37:04","guid":{"rendered":"http:\/\/www.styng.net\/fi\/?post_type=tribe_events&#038;p=2674"},"modified":"2021-08-20T19:27:45","modified_gmt":"2021-08-20T16:27:45","slug":"tama-hetki-taidenayttely","status":"publish","type":"tribe_events","link":"http:\/\/www.styng.net\/fi\/event\/tama-hetki-taidenayttely\/","title":{"rendered":"T\u00e4m\u00e4 hetki -taiden\u00e4yttely"},"content":{"rendered":"<p>Marja-Leena Tykkyl\u00e4inen &#8211; Jorma Styng yhteisn\u00e4yttely, Myllykirjaston n\u00e4yttelytila,<\/p>\n<p>Tyrn\u00e4v\u00e4, 04.10. &#8211; 30.10.2021<\/p>\n<blockquote class=\"wp-embedded-content\" data-secret=\"28zdjDXH21\"><p><a href=\"https:\/\/artoulu.fi\/nayttely\/jorma-styng-marja-leena-tykkylainen-tama-hetki\/\">Jorma Styng &#038; Marja-Leena Tykkyl\u00e4inen &#8211; T\u00e4m\u00e4 hetki<\/a><\/p><\/blockquote>\n<p><iframe loading=\"lazy\" class=\"wp-embedded-content\" sandbox=\"allow-scripts\" security=\"restricted\" style=\"position: absolute; clip: rect(1px, 1px, 1px, 1px);\" title=\"&#8221;Jorma Styng &#038; Marja-Leena Tykkyl\u00e4inen &#8211; T\u00e4m\u00e4 hetki&#8221; &#8212; Oulun Taiteilijaseura\" src=\"https:\/\/artoulu.fi\/nayttely\/jorma-styng-marja-leena-tykkylainen-tama-hetki\/embed\/#?secret=CORr6NGuYK#?secret=28zdjDXH21\" data-secret=\"28zdjDXH21\" width=\"600\" height=\"338\" frameborder=\"0\" marginwidth=\"0\" marginheight=\"0\" scrolling=\"no\"><\/iframe><\/p>\n<p>Aukioloajat:<\/p>\n<table class=\"table\" cellspacing=\"1\" cellpadding=\"1\" border=\"0\">\n<tbody>\n<tr>\n<td>maanantai<\/td>\n<td>12\u201319<\/td>\n<td>&nbsp;<\/td>\n<\/tr>\n<tr>\n<td>tiistai<\/td>\n<td>12\u201319<\/td>\n<td>&nbsp;<\/td>\n<\/tr>\n<tr>\n<td>keskiviikko<\/td>\n<td>12\u201319<\/td>\n<td>&nbsp;<\/td>\n<\/tr>\n<tr>\n<td>torstai<\/td>\n<td>9\u201316<\/td>\n<td>&nbsp;<\/td>\n<\/tr>\n<tr>\n<td>perjantai<\/td>\n<td>12\u201316<\/td>\n<td>&nbsp;<\/td>\n<\/tr>\n<tr>\n<td>lauantai<\/td>\n<td>11\u201314<\/td>\n<td>&nbsp;<\/td>\n<\/tr>\n<tr>\n<td>sunnuntai<\/td>\n<td>suljettu<\/td>\n<td>&nbsp;<\/td>\n<\/tr>\n<tr>\n<td>juhlapyhien aatot&nbsp; &nbsp; &nbsp;<\/td>\n<td>12\u201316<\/td>\n<\/tr>\n<\/tbody>\n<\/table>\n","protected":false},"excerpt":{"rendered":"<p>Marja-Leena Tykkyl\u00e4inen &#8211; Jorma Styng yhteisn\u00e4yttely, Myllykirjaston n\u00e4yttelytila, Tyrn\u00e4v\u00e4, 04.10. &#8211; 30.10.2021 Jorma Styng &#038; Marja-Leena Tykkyl\u00e4inen &#8211; T\u00e4m\u00e4 hetki Aukioloajat: maanantai 12\u201319 &nbsp; tiistai 12\u201319 &nbsp; keskiviikko 12\u201319 &nbsp; [&hellip;]<\/p>\n","protected":false},"author":1,"featured_media":0,"template":"","meta":{"_crdt_document":"","ngg_post_thumbnail":0,"_tribe_events_status":"","_tribe_events_status_reason":"","footnotes":""},"tags":[],"tribe_events_cat":[8],"class_list":["post-2674","tribe_events","type-tribe_events","status-publish","hentry","tribe_events_cat-taidenayttelyt","cat_taidenayttelyt"],"_links":{"self":[{"href":"http:\/\/www.styng.net\/fi\/wp-json\/wp\/v2\/tribe_events\/2674","targetHints":{"allow":["GET"]}}],"collection":[{"href":"http:\/\/www.styng.net\/fi\/wp-json\/wp\/v2\/tribe_events"}],"about":[{"href":"http:\/\/www.styng.net\/fi\/wp-json\/wp\/v2\/types\/tribe_events"}],"author":[{"embeddable":true,"href":"http:\/\/www.styng.net\/fi\/wp-json\/wp\/v2\/users\/1"}],"version-history":[{"count":3,"href":"http:\/\/www.styng.net\/fi\/wp-json\/wp\/v2\/tribe_events\/2674\/revisions"}],"predecessor-version":[{"id":2680,"href":"http:\/\/www.styng.net\/fi\/wp-json\/wp\/v2\/tribe_events\/2674\/revisions\/2680"}],"wp:attachment":[{"href":"http:\/\/www.styng.net\/fi\/wp-json\/wp\/v2\/media?parent=2674"}],"wp:term":[{"taxonomy":"post_tag","embeddable":true,"href":"http:\/\/www.styng.net\/fi\/wp-json\/wp\/v2\/tags?post=2674"},{"taxonomy":"tribe_events_cat","embeddable":true,"href":"http:\/\/www.styng.net\/fi\/wp-json\/wp\/v2\/tribe_events_cat?post=2674"}],"curies":[{"name":"wp","href":"https:\/\/api.w.org\/{rel}","templated":true}]}}

Tämä hetki -taidenäyttely

<p>Marja-Leena Tykkyläinen &#8211; Jorma Styng yhteisnäyttely, Myllykirjaston näyttelytila,</p>
<p>Tyrnävä, 04.10. &#8211; 30.10.2021</p>
<blockquote class="wp-embedded-content" data-secret="28zdjDXH21"><p><a href="https://artoulu.fi/nayttely/jorma-styng-marja-leena-tykkylainen-tama-hetki/">Jorma Styng &#038; Marja-Leena Tykkyläinen &#8211; Tämä hetki</a></p></blockquote>
<p><iframe loading="lazy" class="wp-embedded-content" sandbox="allow-scripts" security="restricted" style="position: absolute; clip: rect(1px, 1px, 1px, 1px);" title="&#8221;Jorma Styng &#038; Marja-Leena Tykkyläinen &#8211; Tämä hetki&#8221; &#8212; Oulun Taiteilijaseura" src="https://artoulu.fi/nayttely/jorma-styng-marja-leena-tykkylainen-tama-hetki/embed/#?secret=CORr6NGuYK#?secret=28zdjDXH21" data-secret="28zdjDXH21" width="600" height="338" frameborder="0" marginwidth="0" marginheight="0" scrolling="no"></iframe></p>
<p>Aukioloajat:</p>
<table class="table" cellspacing="1" cellpadding="1" border="0">
<tbody>
<tr>
<td>maanantai</td>
<td>12–19</td>
<td>&nbsp;</td>
</tr>
<tr>
<td>tiistai</td>
<td>12–19</td>
<td>&nbsp;</td>
</tr>
<tr>
<td>keskiviikko</td>
<td>12–19</td>
<td>&nbsp;</td>
</tr>
<tr>
<td>torstai</td>
<td>9–16</td>
<td>&nbsp;</td>
</tr>
<tr>
<td>perjantai</td>
<td>12–16</td>
<td>&nbsp;</td>
</tr>
<tr>
<td>lauantai</td>
<td>11–14</td>
<td>&nbsp;</td>
</tr>
<tr>
<td>sunnuntai</td>
<td>suljettu</td>
<td>&nbsp;</td>
</tr>
<tr>
<td>juhlapyhien aatot&nbsp; &nbsp; &nbsp;</td>
<td>12–16</td>
</tr>
</tbody>
</table>

<p>Marja-Leena Tykkyläinen &#8211; Jorma Styng yhteisnäyttely, Myllykirjaston näyttelytila, Tyrnävä, 04.10. &#8211; 30.10.2021 Jorma Styng &#038; Marja-Leena Tykkyläinen &#8211; Tämä hetki Aukioloajat: maanantai 12–19 &nbsp; tiistai 12–19 &nbsp; keskiviikko 12–19 &nbsp; [&hellip;]</p>
